-50)/2) + (-6)/m. Let t = x - 32. Let c(a) = -2*a - 6. Calculate c(t).
4
Let f(q) = -2*q**2 - 112*q - 328. Let t be f(-53). Let d(r) = 4*r + 48. Determine d(t).
8
Let j = 1 - -3. Let a = 1 - j. Let v(b) = -16*b**2 + 10*b**2 + 5*b**2 + 2 + 653*b + 2 - 656*b. What is v(a)?
4
Let j = 156 - 152. Let a(b) = -35 + j*b - b**2 - b + 29. Let y be 16/10*(-25)/(-10). Calculate a(y).
-10
Let n(h) = 11 - 2*h**3 + 17280*h**2 - 3*h - 8641*h**2 - 8657*h**2. What is n(-9)?
38
Suppose 12 = 2*m - 2*d + 4*d, -3*d = 5*m - 24. Let z(f) = f**2 - f + 10. Let b be z(7). Suppose b = m*x + 34. Let p(c) = c**3 - 6*c**2 - 2*c + 4. What is p(x)?
-8
Let j(w) = 2*w**3 - 31*w**2 + 33*w - 263. Let n be j(15). Let a(p) = 9*p**2 - 62*p + 10. Calculate a(n).
17
Let s(p) = 9*p**2 + 15*p + 2. Let d = 213 + -217. Let h(r) = 7*r**2 + 13*r + 2. Let a(n) = d*s(n) + 5*h(n). What is a(5)?
2
Let v(l) = l**2 - l + 9. Let r be v(0). Let k(b) = 3*b**2 - 11*b - 9. Let z(u) = -u**2 + u. Let g(h) = -k(h) - 2*z(h). What is g(r)?
9
Suppose 13*j = 12*j + 29. Suppose 0 = -2*y + j - 21. Let k(l) = 17*l**2 - 5*l + 9 - y - 11*l**2 - l**3. Determine k(4).
17
Suppose -5*j + 3*j = 4*q - 18, 0 = -3*j - 4*q + 21. Let x(a) be the third derivative of 0 + 1/12*a**4 - 2/3*a**3 - 44*a**2 + 0*a. What is x(j)?
2
Let p(y) = y - 2. Let g(q) = -2*q**2 + 17*q - 4. Suppose -10*o = -114 + 44. Let b be g(o). Suppose -13 = -6*u + b. Give p(u).
3
Let o(g) be the third derivative of g**5/60 + 3*g**4/8 + 3*g**3/2 - 679*g**2. Determine o(-4).
-11
Let b(s) = s**2 + 11*s + 11. Let v(j) = 7*j**2 + 32*j - 13. Let z be v(-5). Let d(o) = -1. Let f(g) = z*d(g) + b(g). Determine f(-6).
-21
Let l(b) = 3*b**2 - 8*b. Let k be (66/(-22))/((-18)/12). Determine l(k).
-4
Suppose 3*t = 8*t - 15. Let w(p) be the second derivative of -p**3/6 - 3*p**2/2 - 2*p - 873. Give w(t).
-6
Let o(i) = 6*i**2 + i + 2*i - 2*i + i**3. Suppose 0 = 316*c - 315*c + 5*s - 19, -s - 1 = c. Determine o(c).
-6
Suppose -4*m - 3*o + 7 = 0, -5*m + 9 + 17 = -2*o. Let x(i) be the second derivative of -4*i - 5/6*i**3 + 2*i**2 - 1/12*i**m + 0. Determine x(-5).
4
Let o(v) be the third derivative of -11/24*v**4 - 1/60*v**5 + 5/6*v**3 + 0*v - 10 + 5*v**2. Give o(-10).
15
Suppose h + 5*v + 25 = 0, 2*h - 85 = 3*v - 96. Let a(d) = -13*d - 110. Determine a(h).
20
Let r(u) = u + 5. Let p(b) = -3*b - 78. Let c(t) = -p(t) - 13*r(t). Calculate c(-4).
53
Let h(m) = -m**2 - m - 2. Let w = -2818 + 2815. Calculate h(w).
-8
Suppose 5*w + 4*h + 4 = 21, 0 = -5*h + 15. Let k(l) = 21*l**2 - l + 2. Give k(w).
22
Let a(u) = -688*u + 31. Let s(l) = -125*l + 6. Let c(x) = 2*a(x) - 11*s(x). Suppose -3*i - 33 = -5*d, 3*i + 2*d + 3 = -3*d. Determine c(i).
2
Let m(x) = -x**2 - 2*x + 1. Suppose -5*s = 3*r - 4*s - 75, -4*r = -5*s - 81. Suppose 2*h = k - 3, k + 4*k - r = h. Give m(h).
-2
Let j(s) be the second derivative of -5*s**3/6 - 5*s**2 - 19*s. Let i(p) = -p**3 + 16*p**2 - 46*p - 31. Let o be i(12). Calculate j(o).
25
Let h be 3 - (-8 - -5) - 4. Let j(y) = -3*y - 20*y**3 - 14*y**3 + 33*y**3 + 2*y**2 + h. Give j(2).
-4
Let n(h) = -130 + 4*h - h**3 + 125 + h - 8*h**2. Give n(-8).
-45
Let k(b) be the third derivative of 23*b**4/24 - 11*b**3/6 - 3492*b**2. What is k(2)?
35
Let y(a) = a**3 - 7*a**2 - 8*a + 2. Suppose -111 + 461 = 5*q. Let u = -62 + q. Determine y(u).
2
Suppose 3*t = -4*z - 26, -5*z - 15 = 2*t + 7. Let u(k) be the first derivative of 4 - 8*k + 5/3*k**3 - 5/2*k**2 + 1/4*k**4. Calculate u(t).
-14
Let q(d) be the third derivative of d**6/120 - 3*d**5/20 - d**4/4 - d**3/3 - 25*d**2 - 79*d - 2. What is q(10)?
38
Let l(w) be the third derivative of w**5/60 - w**4/2 - 11*w**3/3 - 4125*w**2. Give l(16).
42
Let p(g) = -849*g - 830*g + 1695*g + 40 + g**2. Calculate p(-12).
-8
Suppose 0*n = 8*n. Let c(l) be the first derivative of l**2/2 + 15*l + 33. What is c(n)?
15
Let b be (-126)/84*(2 + 12/(-9)). Let y(i) = -10*i - 6. Let q(w) = -w - 1. Let l(m) = 5*q(m) - y(m). What is l(b)?
-4
Let v = 101 - 99. Let i(u) = 3*u - 6*u + 350 + u**v - 7*u - 343. What is i(6)?
-17
Let k(z) = 21*z - 5. Let p(t) = 5*t + 1. Let h(v) = -k(v) + 4*p(v). Let o = -183 + 186. What is h(o)?
6
Let w(k) be the second derivative of -k**4/4 + 11*k**3/3 + 23*k**2/2 + 3776*k. Determine w(8).
7
Let q(g) be the second derivative of g**6/120 + g**5/60 + g**4/6 + g**3/6 + 6*g**2 + 5*g - 16. Let l(r) be the first derivative of q(r). Calculate l(-3).
-29
Let x(g) = g**3 + 12*g**2 - 36*g - 27. Let q(n) = 19*n**3 - 119*n**2 + 31*n - 20. Let c be q(6). Determine x(c).
85
Let f = 365 + -370. Let c(d) = 8*d + 11 + d**2 - 22 + 18. Give c(f).
-8
Let w(j) be the third derivative of j**6/120 + j**5/6 + 5*j**4/12 - j**3/6 + 742*j**2. Give w(-9).
-10
Suppose -5 = 4*q - 21. Let p(x) = -6*x**2 - 13*x + 7. Let l(y) = -5*y**2 - 12*y + 7. Let a(t) = q*p(t) - 5*l(t). Suppose -52*u + 48 = -58*u. Give a(u).
-7
Suppose 0 = -15*a + 5*a - 970. Let h = a - -99. Let g be 100/(-12) - h/(-6). Let w(j) = -j**2 - 7*j + 7. Calculate w(g).
-1
Let q(l) = 2*l**2 - 2*l - 3. Let k be (0 - -33)*96/352 - (4 - -2). Calculate q(k).
9
Suppose 7*z - 3*k = 9*z - 57, -2*k = 6. Suppose -18*r + z*r = 75. Let t(b) = -b + 6. Let y(d) = -4*d + 24. Let c(g) = 9*t(g) - 2*y(g). Determine c(r).
1
Let t(i) = -14*i + 60. Let c be t(4). Suppose 4*p + 30 = -3*w, p = c*w + 2 - 0. Let h(u) be the third derivative of -u**4/24 - 3*u**3/2 - u**2. Determine h(p).
-3
Let c(r) = -r**3 + 12*r**2 - 9*r - 22. Let w be c(11). Let l(v) = 9986*v**2 + 10*v - 9995*v**2 - 9 + w*v + v**3. Determine l(7).
-37
Let z(p) = -p**3 + 2*p**2 - 4*p + 3. Suppose 52*v + 20 = 50*v + 4*d, 4*v - 4*d + 20 = 0. Let k be 4/10 + 15/25. Suppose 5*b - 11 = h, h + v - k = -b. Give z(b).
-5
Let c = -2 + 5. Let i(o) be the first derivative of -o**3/3 + o**2 - 133*o + 20. Let r(h) be the first derivative of i(h). What is r(c)?
-4
Let b(l) = l + 7. Let t(h) = -h**2 - 3*h - 20. Let f(d) = -17*b(d) - 6*t(d). Suppose 7*r - r = -210. Let z = r + 34. Calculate f(z).
6
Suppose -2*f + 25 = -f - l, -2*f + 3*l + 52 = 0. Let h(r) = 73*r - 29*r + 6 - f*r - 23*r. Calculate h(5).
-4
Suppose 5*y - 32 + 12 = 0. Suppose -3*a = y*a + 63. Let w(s) = 8*s - 12. Let o(h) = 5*h - 6. Let l(r) = 10*o(r) - 6*w(r). Give l(a).
-6
Suppose -60*v = -56*v - 4*s + 32, 6*v = 2*s - 64. Let o(w) = -w - 27. Calculate o(v).
-15
Let p(h) = -136 - h**2 - 133 + 69*h + 268 - 70*h + h**3. What is p(0)?
-1
Let p(b) be the third derivative of -b**5/20 - b**4/24 + 11*b**2. Let g be ((-184)/(-69))/((-24)/(-9)). What is p(g)?
-4
Let x(a) = 2. Let m(c) = 8*c - 4. Let s = -159 - -160. Let y(q) = s*m(q) + 5*x(q). Determine y(-4).
-26
Let r(x) = 6*x**2 - 7*x + 3. Let l(i) = 7*i**2 - 7*i + 2. Let z = -4 - -10. Let w(n) = z*r(n) - 5*l(n). Let k = -13 + 20. Determine w(k).
8
Let w(y) = 5*y**3 - y**2 - 16*y - 15. Suppose -56*p - 78 = 22*p. Calculate w(p).
-5
Let r(k) be the third derivative of -5*k**4/24 + 4*k**3/3 + k**2 + 39*k. Let h(a) = -21*a + 32. Let c(l) = 2*h(l) - 9*r(l). Determine c(4).
4
Suppose -9*f - 30 = 2*j + 43, -2*f - 5*j = 80. Let r(i) = 7 + 3*i**3 - i - 4*i - 2*i**3 + 4*i**2. Calculate r(f).
7
Let f(b) be the first derivative of b**3/3 + b**2 - 29*b + 8761. Determine f(0).
-29
Let p(r) = r**2 - 6*r + 4. Let b = -6363 + 6369. What is p(b)?
4
Suppose -3*d - 4*k = 16 - 0, 10 = 5*k. Suppose p - 12 = -0*p. Let i(q) = -q**3 - p*q**2 + 2 + q**2 - 6*q + 2*q**2. Give i(d).
-14
Let a(p) = p + 1. Let l = -40 + 38. Let u(q) = -2*q - 2. Let s(c) = l*u(c) - 3*a(c). Let m be s(-4). Let x(t) = 3*t**2 + 3*t - 2. Give x(m).
16
Suppose k - 72 = -11*k + 21*k. Let h(d) = 9*d + 68. Determine h(k).
-4
Let n be (-363)/(-180) + 196/(-98). Let w(r) be the third derivative of 0*r - n*r**5 - 17*r**2 + 7/24*r**4 - r**3 + 0. Determine w(7).
-6
Suppose -5 = -d, 5*d = 4*u + 2*d - 29. Let q(t) = -2*t**2 + 8*t + 167. Let g be q(11). Let z = u - g. Let a(l) = l**3 - 2*l**2 + 3*l + 3. Determine a(z).
-19
Let x(o) = o**2 + 17*o + 1. Let d be x(-21). Let l = d + -83. Let y(k) = -4*k - 14 - 21*k**2 - k - 4*k + 22*k**l. Determine y(10).
-4
Let d(f) = 2*f**3 - f**2 - f. Let s(j) = 3*j**3 - j**2 + 3*j + 1. Let q(h) = 2*d(h) - s(h). Give q(-2).
-3
Let c(l) = 6*l**2 - 12*l + 7. Let f be c(2). Let u(d) = d**2 - 3*d - 10. Give u(f).
18
Let j = 64272 - 64279. Let a(r) = -7*r - 12. Let q(t) = 3*t + 6. Let w(l